3 + -4 + (3 - 0). Suppose 0*p = t*p - 3*i - 46, -5*i = -10. What is the remainder when 95 is divided by p?
17
Suppose 2*b + 2*u - 6 = 2, 2*b + u - 10 = 0. Let y(x) = -4*x**2 - x**2 - 25*x**3 + 8 + x + 26*x**3. Calculate the remainder when 147 is divided by y(b).
47
Let m be -1*((-224)/5)/4*-5. Let j = m + 59. Suppose -j*a + 81 + 69 = 0. Calculate the remainder when a is divided by 9.
5
Let t(f) = -5*f**2 + 4. Let q be t(-4). Let i = q - -124. What is the remainder when 135 is divided by i?
39
Let r(u) be the first derivative of -4*u**3/3 - 25*u**2/2 - 4*u - 4. Suppose -3 + 1 = -c. What is the remainder when r(-6) is divided by c?
0
Let s = 5158 - 3766. What is the remainder when s is divided by 279?
276
Suppose 0 = -5*n - 5, 2*n = 5*r - 2*r + 1135. Let f = -352 - r. Calculate the remainder when -1 + 159*(-1 - -2) is divided by f.
23
Suppose -72 = -3*a + 51. Suppose 4*u = -5*m + 3764 - 1200, 0 = 3*m. Suppose x = -4*b - 0*x + u, 636 = 4*b - 4*x. What is the remainder when b is divided by a?
37
Suppose 10*j - 73 + 23 = 0. Suppose -2*a = j*y - 231, 6 = 3*a - 2*y - 350. What is the remainder when a is divided by 2?
0
Let a = 328 + -176. What is the remainder when 143 is divided by 16/a - (-150)/19?
7
Let b = 478 - -341. Let p = b - 792. What is the remainder when 296 is divided by p?
26
Let u(d) = d - 7. Suppose -3*b = -4*j + 7, 2*j + b - 20 = -3*b. Let t be u(j). What is the remainder when 51 is divided by (7*t/(-21))/((-2)/(-26))?
12
Let q(a) = -a**2 - 18*a + 149. What is the remainder when 136 is divided by q(-19)?
6
Suppose -3*d - 122 + 263 = 0. Suppose -33 = d*s - 58*s. Let z(c) = 20*c**3 + c**2 - 2*c + 1. What is the remainder when z(1) is divided by s?
2
Let o(t) be the second derivative of 35*t**3/6 - 137*t**2/2 + 84*t - 1. Calculate the remainder when 53 is divided by o(4).
2
Let z = -2794 - -2859. What is the remainder when 108 is divided by z?
43
Let l(f) = -f**3 - f**2 + 4*f + 1. Let d be l(2). Let m = 24 + d. What is the remainder when 102 is divided by m?
18
Suppose 2*z - 2*v - 10 = 0, 0 = 128*z - 133*z - 2*v - 3. Suppose 0 = 6*s - s + 30. Let w = s + 10. What is the remainder when w is divided by z?
0
What is the remainder when 381 is divided by (60/(-15) - -2) + (-390)/3*-1?
125
Let p = -23121 - -23200. What is the remainder when p is divided by 4?
3
Let a = 326 + -323. Suppose 47*b - 5456 = a*b. What is the remainder when b is divided by 18?
16
What is the remainder when 363 - (9/1 - (-71 - -70)) is divided by 33?
23
Let o be (-195)/2*(5 - 203/35). Suppose -2*y = 4*g - o, 5*y + 0*g = -2*g + 155. What is the remainder when y is divided by 13?
3
Let x be (-2)/((-40)/35 + 1). Suppose c + x = -s + 2*c, -3*s - 5*c - 10 = 0. Let y = 15 - s. What is the remainder when y is divided by 13?
12
What is the remainder when -4 - (-1 + 7236/(-24))*2 is divided by 154?
139
Calculate the remainder when (3/((-18)/(-38)) + -6)/(3/57249) is divided by 67.
63
Let m = 109 + -108. What is the remainder when m*192 - 65/(-13) is divided by 51?
44
Let p(c) = -19*c - 4. Suppose 1493*q - 3095*q + 1312 = -1561*q. Calculate the remainder when p(-4) is divided by q.
8
Let c(d) = d**2 + 32*d + 226. Let y be c(-10). Suppose -240 = -y*a - 216. Calculate the remainder when 78 is divided by a.
2
Let p = -5818 + 5881. What is the remainder when p is divided by 45?
18
Calculate the remainder when (15 - 321/(-6))*78 is divided by 81.
78
Let v = 8657 - 6445. Calculate the remainder when v is divided by 82.
80
Let a = -810 - -1433. Let s = -550 + a. What is the remainder when s is divided by 34?
5
Suppose 0 = -5*t - y + 52, 3*t + 70*y - 74*y + 1 = 0. Suppose -42 = 2*a - 178. Calculate the remainder when a is divided by t.
5
Suppose 178*b - 12154 = 66*b + 13830. What is the remainder when 314 is divided by b?
82
Suppose -51555 - 16545 = -60*j. What is the remainder when j is divided by 23?
8
Suppose -5*f - u + 5462 = 0, -22*f + 4*u + 1105 = -21*f. Calculate the remainder when f is divided by 350.
43
Let d(p) = 14*p**2 - 25*p + 265. Calculate the remainder when d(9) is divided by 84.
82
Let q(h) = 10*h**2 + 3*h - 3. Let b be q(2). Let l be 0 - (-12)/(6 + -4). Suppose l = -2*a, 4*i - a - b = -4*a. Calculate the remainder when 60 is divided by i.
8
Let g = 16 - 12. Let p = -12 + 21. Suppose p = y - u, g*y + y - 45 = -3*u. What is the remainder when 33 is divided by y?
6
Suppose -4*x - 791 = -2151. Suppose -21*t + x = -4*t. What is the remainder when t is divided by 11?
9
Suppose 0 = -2*j - g + 45, 5*g + 150 = -334*j + 339*j. What is the remainder when (2/(-6))/(2/(-5844)*1) is divided by j?
24
Suppose 0 = 2*a - b - 4692, 5*a + 7*b - 11704 = 3*b. What is the remainder when a is divided by 23?
21
Suppose -216*j = -211*j + 35. Let l(y) = 3*y**2 + 5*y - 7. What is the remainder when l(-5) is divided by 7/(j - (-75)/10)?
1
Let w(o) = o**2 - 38*o - 32. Let x be w(39). Suppose -135 = -x*n + 544. Calculate the remainder when n is divided by 25.
22
Suppose 18*k + 714 = 35*k. Suppose k*d - 5041 = -1429. What is the remainder when d is divided by 30?
26
Suppose 0 = -3*q, t + 0*q = q + 20. Let a(k) = k**3 - 8*k**2 - 4*k + 10. Let m be a(9). Let n = m - t. Calculate the remainder when n is divided by 13.
9
Suppose -10*q + 36 = -374. Let h(u) = u**2 - u + 9. What is the remainder when h(9) is divided by q?
40
Let j(v) = -412*v**3 + 119*v + 120. What is the remainder when j(-1) is divided by 197?
19
Suppose -36*s - 3*h + 82 = -31*s, 5*s + h - 84 = 0. Let o = -3 + 4. Calculate the remainder when s is divided by o.
0
Calculate the remainder when 2397 is divided by 9 - ((7 - 7)/5 + 7) - -23.
22
Suppose -5*j = -859 + 679. Calculate the remainder when 134 is divided by j.
26
Suppose 2*r - 2*h = 828, 5*h + 2110 = 5*r + 10*h. What is the remainder when r is divided by 26?
2
Let k(v) = v**2 + 97*v + 2656. Calculate the remainder when 1072 is divided by k(-50).
154
Suppose -28*l + 17*l = 32*l - 172. Calculate the remainder when 34 is divided by l.
2
Let z(i) = 14*i - 1. Let m = 476 - 475. Calculate the remainder when z(m) is divided by 3.
1
Let r(k) = k**2 - k + 6. Let t be r(0). What is the remainder when 131 is divided by 1/((-1)/(-23) - (t + -6))?
16
Calculate the remainder when 25/250*-10*-114 is divided by 47.
20
Let x(a) = 8*a + 16. Let i be 5/(25/(-10)) - -8. Let m(k) = -2*k - 4. Let g(z) = i*x(z) + 26*m(z). Calculate the remainder when 63 is divided by g(-6).
15
Let g(m) = -m**3 + 8*m**2 - 4*m - 8. Suppose 0 = -347*d + 343*d + 8. Suppose -d*h + 149 - 121 = 0. Calculate the remainder when g(6) is divided by h.
12
Suppose 18 = 15*r - 12*r. Let g be 10/((3 - -1)/32). Suppose 5*u + g = 10*u. Calculate the remainder when u is divided by r.
4
Let i = -8 + 8. Suppose 4*l = 2*w + w - 8, l + 2 = i. What is the remainder when (0 + -58)/(w/(-5) + -2) is divided by 10?
9
Suppose a + 4*u = 3*a - 74, 0 = -5*a + 5*u + 210. Suppose 0 = 85*c - 1910 + 918 - 1048. What is the remainder when a is divided by c?
23
Suppose 0 = -5*t + 2*a - 27, 1 = t - 2*t - 4*a. Calculate the remainder when 68 is divided by (34 + -30)*t/(-4).
3
Suppose x = 26 + 32. Let h = 63 - -375. Let q = 725 - h. What is the remainder when q is divided by x?
55
Suppose 5*l + 736 = -3*p, -4*p - 744 = -p - 3*l. Let s = p - -82. Let o = -84 - s. What is the remainder when o is divided by 28?
25
Let f = -673 - -709. Suppose 4*r + 4*x - 28 = x, 0 = 4*r + x - f. Let t(w) = -9*w - 6. What is the remainder when t(-5) is divided by r?
9
Suppose -29*o + 33*o + 31 = r, -5*o - 56 = -2*r. Suppose r*g = 21*g + 78. Calculate the remainder when 153 is divided by g.
36
Suppose -388*u + 1085 = 5*i - 391*u, -3*i + 627 = 3*u. Calculate the remainder when 2558 is divided by i.
204
Suppose 5*a + 2 = 2*u - 0, -u - 3*a + 1 = 0. Let b be (8 + -4)*(1 + u). Let m(o) = o**2 - 8*o + 1. Calculate the remainder when 1 is divided by m(b).
0
Let j(w) = -3*w**3 - 4*w**2 - 2*w + 2. Let t be j(-2). Let o = 56 - t. Let b(g) = -g**3 - 5*g**2 + 3*g - 6. Calculate the remainder when o is divided by b(-6).
6
Let r = 22 + -10. Let s be (272/r)/((-6)/(-9)). Suppose 2 = 6*w - s. Calculate the remainder when 19 is divided by w.
1
Let j = 111 + 73. Suppose 2*n + 42 = 2*y, -2*n - 290 + 44 = -14*y. Calculate the remainder when j is divided by y.
14
Let t(v) = -112*v - 724. Calculate t